9
List the prime factors of 1423484145.
3, 5, 23, 458449
What are the prime factors of 53101697?
11, 29, 37, 409
What are the prime factors of 1172477593?
7, 19, 8815621
List the prime factors of 1354135896.
2, 3, 18807443
What are the prime factors of 53381251?
7, 11, 367, 1889
What are the prime factors of 1390435406?
2, 17, 641, 63799
What are the prime factors of 273612660?
2, 3, 5, 4560211
What are the prime factors of 49919937?
3, 257, 64747
List the prime factors of 5191671.
3, 607, 2851
What are the prime factors of 45468313?
11, 83, 49801
List the prime factors of 12935880.
2, 3, 5, 35933
What are the prime factors of 2157960689?
12289, 175601
List the prime factors of 8947923473.
23, 173, 2248787
List the prime factors of 47163134.
2, 17, 1387151
What are the prime factors of 488643754?
2, 421, 499, 1163
List the prime factors of 36707441.
31, 37, 32003
What are the prime factors of 265223438?
2, 132611719
What are the prime factors of 49033957?
7, 53, 79, 239
What are the prime factors of 341954474?
2, 170977237
List the prime factors of 1143497857.
12809, 89273
List the prime factors of 719827934.
2, 7, 79, 109, 853
What are the prime factors of 43148995?
5, 43, 97, 2069
What are the prime factors of 5273552960?
2, 5, 13, 1267681
List the prime factors of 164156777.
17, 9656281
List the prime factors of 148874603.
29, 67, 193, 397
List the prime factors of 117802853.
7, 2143, 7853
List the prime factors of 2373430407.
3, 22943, 34483
What are the prime factors of 2684226434?
2, 151, 8888167
List the prime factors of 644909454.
2, 3, 7, 1789, 2861
What are the prime factors of 319360321?
7, 45622903
What are the prime factors of 412361332?
2, 19, 1283, 4229
What are the prime factors of 15727497?
3, 19, 275921
What are the prime factors of 598016456?
2, 359, 208223
List the prime factors of 4223813468.
2, 7, 19, 7939499
What are the prime factors of 11499832?
2, 479, 3001
List the prime factors of 7572160804.
2, 13, 6037, 24121
List the prime factors of 636591723.
3, 23, 67, 5987
What are the prime factors of 47041461?
3, 5226829
What are the prime factors of 1487248708?
2, 11, 179, 188833
What are the prime factors of 229787363?
13, 463, 38177
List the prime factors of 82048893.
3, 1429, 19139
What are the prime factors of 98131436?
2, 13, 1887143
What are the prime factors of 18447176?
2, 11, 17, 19, 59
List the prime factors of 1628024697.
3, 13, 4638247
List the prime factors of 1460242802.
2, 59, 211, 223, 263
What are the prime factors of 4756455619?
17, 29, 191, 50513
What are the prime factors of 2040853699?
2040853699
List the prime factors of 190244883.
3, 7669, 8269
List the prime factors of 95539330.
2, 5, 9553933
What are the prime factors of 99849314?
2, 61, 13417
List the prime factors of 2460607003.
2460607003
List the prime factors of 442335217.
61, 7251397
What are the prime factors of 3229519381?
11, 293592671
What are the prime factors of 3544369?
23, 73, 2111
What are the prime factors of 512595384?
2, 3, 7, 83, 36761
List the prime factors of 329372840.
2, 5, 8234321
What are the prime factors of 110237226?
2, 3, 11, 163, 10247
What are the prime factors of 22953747?
3, 23, 107, 3109
What are the prime factors of 463389083?
83, 5583001
List the prime factors of 2804468291.
17, 643, 256561
What are the prime factors of 78337747?
23, 239, 14251
List the prime factors of 65874768.
2, 3, 1372391
List the prime factors of 815348147.
97, 8405651
List the prime factors of 2384363530.
2, 5, 238436353
What are the prime factors of 153818385?
3, 5, 7, 107, 13691
List the prime factors of 670110262.
2, 251, 1334881
What are the prime factors of 106829827?
13, 8217679
What are the prime factors of 470145127?
13627, 34501
List the prime factors of 114104800.
2, 5, 31, 43, 107
List the prime factors of 36304975.
5, 7, 207457
List the prime factors of 157195099.
157195099
List the prime factors of 6247683613.
263, 23755451
What are the prime factors of 119951977?
119951977
List the prime factors of 33567156.
2, 3, 7, 6343
List the prime factors of 201114812.
2, 1327, 37889
What are the prime factors of 310558816?
2, 263, 36901
List the prime factors of 144019414.
2, 7, 11, 61, 15331
What are the prime factors of 192291982?
2, 29, 3315379
List the prime factors of 1019033100.
2, 3, 5, 1132259
What are the prime factors of 116289647?
6163, 18869
List the prime factors of 97557311.
3109, 31379
List the prime factors of 448040012.
2, 7, 16001429
What are the prime factors of 380399881?
179, 1433, 1483
List the prime factors of 89754680.
2, 5, 257, 8731
List the prime factors of 915599486.
2, 53, 2293, 3767
List the prime factors of 393466155.
3, 5, 19, 353, 3911
List the prime factors of 99502923.
3, 13, 2551357
What are the prime factors of 11692180?
2, 5, 584609
List the prime factors of 387612898.
2, 29, 139, 48079
List the prime factors of 48850176.
2, 3, 63607
List the prime factors of 83567927.
47, 1778041
List the prime factors of 1252319485.
5, 250463897
What are the prime factors of 977343402?
2, 3, 7, 23270081
List the prime factors of 35304137.
11, 3209467
What are the prime factors of 2338555191?
3, 7, 111359771
What are the prime factors of 656263949?
11, 5423669
What are the prime factors of 41425?
5, 1657
What are the prime factors of 530766485?
5, 106153297
What are the prime factors of 42769798?
2, 19, 599, 1879
List the prime factors of 1954997991.
3, 72407333
List the prime factors of 53114475.
3, 5, 23, 41, 751
What are the prime factors of 1014993305?
5, 83, 2445767
List the prime factors of 6323362479.
3, 7, 100370833
List the prime factors of 71107172.
2, 577, 30809
What are the prime factors of 1587622802?
2, 793811401
What are the prime factors of 2779713846?
2, 3, 7, 13, 59, 587
List the prime factors of 5907174.
2, 3, 7, 13, 31, 349
What are the prime factors of 421811959?
1163, 362693
What are the prime factors of 4675296453?
3, 1558432151
What are the prime factors of 58891270?
2, 5, 23, 256049
What are the prime factors of 4829156091?
3, 5077, 11743
What are the prime factors of 13288198?
2, 7, 11, 86287
What are the prime factors of 543957236?
2, 135989309
List the prime factors of 293814977.
293814977
What are the prime factors of 124517181?
3, 83, 500069
What are the prime factors of 23421452?
2, 19, 23, 13399
What are the prime factors of 33815591?
337, 100343
What are the prime factors of 397642279?
19, 20928541
What are the prime factors of 117801390?
2, 3, 5, 7, 127, 631
List the prime factors of 49001448.
2, 3, 47, 43441
What are the prime factors of 2229853095?
3, 5, 31, 1223, 1307
What are the prime factors of 264850115?
5, 43, 59, 20879
List the prime factors of 113935398.
2, 3, 761, 24953
What are the prime factors of 3716205940?
2, 5, 185810297
What are the prime factors of 27371645?
5, 7, 111721
What are the prime factors of 138713312?
2, 4334791
What are the prime factors of 100902359?
100902359
What are the prime factors of 82024594?
2, 79, 229, 2267
List the prime factors of 5218710150.
2, 3, 5, 17, 2046553
List the prime factors of 180536102.
2, 43, 71, 29567
What are the prime factors of 70778793?
3, 113, 208787
What are the prime factors of 885876858?
2, 3, 59, 101, 2753
List the prime factors of 2368052721.
3, 1423, 184903
List the prime factors of 1480365359.
11, 283, 307, 1549
List the prime factors of 165424710.
2, 3, 5, 11, 501287
What are the prime factors of 2108087866?
2, 67, 15731999
List the prime factors of 13451323.
233, 57731
What are the prime factors of 26881032?
2, 3, 271, 4133
What are the prime factors of 77669876?
2, 19417469
What are the prime factors of 298382970?
2, 3, 5, 9946099
List the prime factors of 450527848.
2, 19, 2963999
List the prime factors of 196072950.
2, 3, 5, 1307153
What are the prime factors of 413058533?
18671, 22123
What are the prime factors of 5649129922?
2, 2824564961
List the prime factors of 2527207.
2527207
What are the prime factors of 9792438?
2, 3, 1031, 1583
List the prime factors of 16896512.
2, 61, 541
List the prime factors of 35062720.
2, 5, 7, 11, 1423
What are the prime factors of 927292522?
2, 13, 31, 88499
What are the prime factors of 134167506?
2, 3, 11, 2032841
List the prime factors of 6139341838.
2, 7, 23, 1906